{"id":4753,"date":"2021-11-10T17:28:24","date_gmt":"2021-11-10T16:28:24","guid":{"rendered":"https:\/\/mffe.ci\/MFFE\/site_famille\/?page_id=4753"},"modified":"2022-01-19T19:05:51","modified_gmt":"2022-01-19T18:05:51","slug":"programme-national-de-lutte-contre-les-violences-basees-sur-le-genre-pnlvbg","status":"publish","type":"page","link":"https:\/\/mffe.ci\/MFFE\/site_famille\/programmes-rattaches\/programme-national-de-lutte-contre-les-violences-basees-sur-le-genre-pnlvbg\/","title":{"rendered":"Comit\u00e9 National de Lutte Contre les Violences Bas\u00e9es sur le Genre (CNLVBG)"},"content":{"rendered":"<div class=\"pvc_clear\"><\/div><p class=\"pvc_stats total_only \" data-element-id=\"4753\" style=\"\"><i class=\"pvc-stats-icon medium\" aria-hidden=\"true\"><svg aria-hidden=\"true\" focusable=\"false\" data-prefix=\"far\" data-icon=\"chart-bar\" role=\"img\" xmlns=\"http:\/\/www.w3.org\/2000\/svg\" viewBox=\"0 0 512 512\" class=\"svg-inline--fa fa-chart-bar fa-w-16 fa-2x\"><path fill=\"currentColor\" d=\"M396.8 352h22.4c6.4 0 12.8-6.4 12.8-12.8V108.8c0-6.4-6.4-12.8-12.8-12.8h-22.4c-6.4 0-12.8 6.4-12.8 12.8v230.4c0 6.4 6.4 12.8 12.8 12.8zm-192 0h22.4c6.4 0 12.8-6.4 12.8-12.8V140.8c0-6.4-6.4-12.8-12.8-12.8h-22.4c-6.4 0-12.8 6.4-12.8 12.8v198.4c0 6.4 6.4 12.8 12.8 12.8zm96 0h22.4c6.4 0 12.8-6.4 12.8-12.8V204.8c0-6.4-6.4-12.8-12.8-12.8h-22.4c-6.4 0-12.8 6.4-12.8 12.8v134.4c0 6.4 6.4 12.8 12.8 12.8zM496 400H48V80c0-8.84-7.16-16-16-16H16C7.16 64 0 71.16 0 80v336c0 17.67 14.33 32 32 32h464c8.84 0 16-7.16 16-16v-16c0-8.84-7.16-16-16-16zm-387.2-48h22.4c6.4 0 12.8-6.4 12.8-12.8v-70.4c0-6.4-6.4-12.8-12.8-12.8h-22.4c-6.4 0-12.8 6.4-12.8 12.8v70.4c0 6.4 6.4 12.8 12.8 12.8z\" class=\"\"><\/path><\/svg><\/i> &nbsp;563&nbsp;vues<\/p><div class=\"pvc_clear\"><\/div>\n<h5 class=\"wp-block-heading\">PR\u00c9SENTATION DU CNLVFE<\/h5>\n\n\n\n<button class=\"collapsible\"> Contexte et Justification<\/button>\n\t\t\t\t<div class=\"content\">\n\t\t\t\t  <p>\n\t\t\t\t  \tLes Violences Bas\u00e9es sur le Genre (VBG), qui d\u00e9signent tout acte nuisible\/pr\u00e9judiciable perp\u00e9tr\u00e9 contre le gr\u00e9 d\u2019autrui, \n\t\t\t\t  \tet bas\u00e9 sur des diff\u00e9rences socialement prescrites entre hommes et femmes\/filles et gar\u00e7ons  continuent de s\u00e9vir en C\u00f4te d\u2019Ivoire.\n\t\t\t\t  <\/p>\n\t\t\t\t  <p>\n\t\t\t\t  \tEn effet, malgr\u00e9 les efforts consentis par le gouvernement et les organisations de la soci\u00e9t\u00e9 civile ainsi que les partenaires du syst\u00e8me des Nations Unies, les VBG persistent.\n\t\t\t\t  <\/p>\n\t\t\t\t  <p>  Le Comit\u00e9 National de Lutte contre les Violences faites aux Femmes et aux Enfants (CNLVFE) s\u2019est engag\u00e9 depuis 2000, date de sa cr\u00e9ation, \u00e0 lutter contre toute forme de violence \u00e0 l\u2019\u00e9gard des populations vuln\u00e9rables. Des actions sont ainsi men\u00e9es \u00e0 l\u2019endroit des populations dans le cadre de la pr\u00e9vention, \n\t\t\t\t  \tde la prise en charge des survivant(e)s de VBG et de la coordination des interventions. <\/p>\n\t\t\t\t  <p> \n\t\t\t\t  \tPlusieurs r\u00e9sultats ont \u00e9t\u00e9 d\u00e9j\u00e0 obtenus au profit des victimes. Il s\u2019agit en effet du travail abattu par les agents du CNLVFE avec l\u2019appui des partenaires au d\u00e9veloppement, des ONG et de la soci\u00e9t\u00e9 civile.\n\t\t\t\t\tAinsi les m\u00e9canismes de protection existants ont \u00e9t\u00e9 renforc\u00e9s par l\u2019adoption en 2014 de la Strat\u00e9gie Nationale de Lutte contre les Violences Bas\u00e9es sur le Genre (SNLVBG) et l\u2019installation de 56 plateformes de lutte contre les Violences Bas\u00e9es sur le Genre. \n\t\t\t\t\tCes plateformes qui sont un m\u00e9canisme de coordination au niveau local, regroupent les acteurs impliqu\u00e9s dans la r\u00e9ponse aux VBG.\n\t\t\t\t  <\/p>\n\t\t\t\t<\/div>\n\n\n\n<button class=\"collapsible\"> 1-\tMISSIONS<\/button>\n\t\t\t\t<div class=\"content\">\n\t\t\t\t  <p> \n\t\t\t\t  \tLe CNLVFE est charg\u00e9 de :\n\t\t\t\t  \t<ul>\n\t\t\t\t  \t\t<li> Proposer une politique de lutte contre les Violences faites aux Femmes et aux Enfants ,<\/li>\n\t\t\t\t  \t\t<li> Assister le Minist\u00e8re dans la mise en \u0153uvre des programmes propos\u00e9s dans le cadre de la lutte contre les Violences faites aux Femmes et aux Enfants,<\/li>\n\t\t\t\t  \t\t<li> Veiller \u00e0 l\u2019application des textes de loi prot\u00e9geant les Femmes et les Enfants,<\/li>\n\t\t\t\t  \t\t<li> Coordonner la formulation, la mise en \u0153uvre et l\u2019\u00e9valuation des actions d\u2019assistance conseil, de pr\u00e9vention et de prise en charge int\u00e9gr\u00e9e des violences faites aux femmes et aux enfants,<\/li>\n\t\t\t\t  \t\t<li> Evaluer l\u2019impact des programmes ex\u00e9cut\u00e9s.<\/li>\n\t\t\t\t  \t\t\n\t\t\t\t  \t<\/ul>\n\t\t\t\t  <\/p>\n\t\t\t\t<\/div>\n\n\n\n<button class=\"collapsible\">2-\tORGANISATION DU SERVICE (Ressources humaines, profil des postes)<\/a><\/button>\n\t\t\t\t<div class=\"content\">\n\t\t\t\t  <h5> Tableau 1 : REPARTITION DES AGENTS SELON LEUR EMPLOI ET LEUR GRADE <\/h5>\n\n\t\t\t\t  <table class=\"table table-bordered table-sm table-hover\" border=1>\n\t\t\t\t    <thead>\n\t\t\t\t      <tr>\n\t\t\t\t        <th>QUALIFICATION<\/th>\n\t\t\t\t        <th>GRADE<\/th>\n\t\t\t\t        <th>NOMBRE<\/th>\n\t\t\t\t      <\/tr>\n\t\t\t\t    <\/thead>\n\t\t\t\t    <tbody>\n\t\t\t\t      <tr>\n\t\t\t\t        <td>Sp\u00e9cialiste en Genre<\/td>\n\t\t\t\t        <td><\/td>\n\t\t\t\t        <td>01<\/td>\n\t\t\t\t      <\/tr>\n\t\t\t\t       <tr>\n\t\t\t\t        <td>Inspecteur Principal d\u2019Education Sp\u00e9cialis\u00e9e<\/td>\n\t\t\t\t        <td> A5 <\/td>\n\t\t\t\t        <td> 04 <\/td>\n\t\t\t\t      <\/tr>\n\t\t\t\t      <tr>\n\t\t\t\t        <td> Conseiller d\u2019Education Permanente <\/td>\n\t\t\t\t        <td> A3 <\/td>\n\t\t\t\t        <td> 01 <\/td>\n\t\t\t\t      <\/tr>\n\t\t\t\t      <tr>\n\t\t\t\t        <td> Educateur Sp\u00e9cialis\u00e9 <\/td>\n\t\t\t\t        <td> A5 <\/td>\n\t\t\t\t        <td> 05  <\/td>\n\t\t\t\t      <\/tr>\n\t\t\t\t      <tr>\n\t\t\t\t        <td> Educateur Pr\u00e9scolaire <\/td>\n\t\t\t\t        <td> B3 <\/td>\n\t\t\t\t        <td> 02  <\/td>\n\t\t\t\t      <\/tr>\n\t\t\t\t      <tr>\n\t\t\t\t        <td> Ma\u00eetre d\u2019Education Sp\u00e9cialis\u00e9e <\/td>\n\t\t\t\t        <td> B3 <\/td>\n\t\t\t\t        <td> 02  <\/td>\n\t\t\t\t      <\/tr>\n\t\t\t\t      <tr>\n\t\t\t\t        <td> Educatrice d\u2019Internat <\/td>\n\t\t\t\t        <td> A3 <\/td>\n\t\t\t\t        <td> 01  <\/td>\n\t\t\t\t      <\/tr>\n\t\t\t\t      \n\t\t\t\t      <tr>\n\t\t\t\t        <td> TOTAL <\/td>\n\t\t\t\t        <td>  <\/td>\n\t\t\t\t        <td> 16  <\/td>\n\t\t\t\t      <\/tr>\n\t\t\t\t    <\/tbody>\n\t\t\t\t  <\/table>\n\n\t\t\t\t<\/div>\n\n\n\n<button class=\"collapsible\"> 3-\tCOLLABORATEURS EXTERIEURS <\/a><\/button>\n\t\t\t\t<div class=\"content\">\n\t\t\t\t  <p> Les collaborateurs sont constitu\u00e9s des animateurs des bureaux d\u2019\u00e9coute, m\u00e9decins, psychologues, p\u00e9dopsychiatres, magistrats, huissiers et avocats, qui \u0153uvrent pour la prise en charge holistique des survivants de VBG.<\/p>\n\t\t\t\t<\/div>\n\n\n\n<button class=\"collapsible\"> 4-\tSTAGIAIRES <\/a><\/button>\n\t\t\t\t<div class=\"content\">\n\t\t\t\t  <p> \n\t\t\t\t  \tLe service assure l\u2019encadrement des stagiaires en provenance des universit\u00e9s priv\u00e9es et publiques, notamment des facult\u00e9s de criminologie, sociologie, psychologie et de droit. \n\t\t\t\t  \tIl accueille \u00e9galement des \u00e9tudiants de l\u2019Institut National de Formation Sociale (Assistants Sociaux, Educateurs Pr\u00e9scolaires, Educateurs Sp\u00e9cialis\u00e9s, Ma\u00eetres d\u2019Education Sp\u00e9cialis\u00e9e) et de l\u2019Institut National de la Jeunesse et des Sports (INJS). \n\t\t\t\t  <\/p>\n\t\t\t\t<\/div>\n\n\n\n<button class=\"collapsible\"> ORGANIGRAMME DU COMITE NATIONAL DE LUTTE CONTRE LES VIOLENCES FAITES AUX FEMMES ET AUX ENFANTS <\/a><\/button>\n\t\t\t\t<div class=\"content\"> \n\t\t\t\t  <p> \n\t\t\t\t  \t<img decoding=\"async\" class=\"img-fluid\" src=\"https:\/\/mffe.ci\/MFFE\/site_famille\/wp-content\/uploads\/2022\/01\/Organigramme-du-cnlvfe-.jpg\" alt=\"ORGANIGRAMME DU CNLVFE\">\n\t\t\t\t  <\/p>\n\t\t\t\t<\/div>\n\n\n\n<button class=\"collapsible\"> LA CARTE SYNOPTIQUE DES PLATEFORMES EN COTE D\u2019IVOIRE <\/a><\/button>\n\t\t\t\t<div class=\"content\">\n\t\t\t\t  <p> \n\t\t\t\t  \t<img decoding=\"async\" class=\"img-fluid\" src=\"https:\/\/mffe.ci\/MFFE\/site_famille\/wp-content\/uploads\/2022\/01\/carte-synoptique-des-plateformes-VBG.jpg\" alt=\"\">\n\t\t\t\t  <\/p>\n\t\t\t\t<\/div>\n","protected":false},"excerpt":{"rendered":"<div class=\"pvc_clear\"><\/div>\n<p class=\"pvc_stats total_only \" data-element-id=\"4753\" style=\"\"><i class=\"pvc-stats-icon medium\" aria-hidden=\"true\"><svg aria-hidden=\"true\" focusable=\"false\" data-prefix=\"far\" data-icon=\"chart-bar\" role=\"img\" xmlns=\"http:\/\/www.w3.org\/2000\/svg\" viewBox=\"0 0 512 512\" class=\"svg-inline--fa fa-chart-bar fa-w-16 fa-2x\"><path fill=\"currentColor\" d=\"M396.8 352h22.4c6.4 0 12.8-6.4 12.8-12.8V108.8c0-6.4-6.4-12.8-12.8-12.8h-22.4c-6.4 0-12.8 6.4-12.8 12.8v230.4c0 6.4 6.4 12.8 12.8 12.8zm-192 0h22.4c6.4 0 12.8-6.4 12.8-12.8V140.8c0-6.4-6.4-12.8-12.8-12.8h-22.4c-6.4 0-12.8 6.4-12.8 12.8v198.4c0 6.4 6.4 12.8 12.8 12.8zm96 0h22.4c6.4 0 12.8-6.4 12.8-12.8V204.8c0-6.4-6.4-12.8-12.8-12.8h-22.4c-6.4 0-12.8 6.4-12.8 12.8v134.4c0 6.4 6.4 12.8 12.8 12.8zM496 400H48V80c0-8.84-7.16-16-16-16H16C7.16 64 0 71.16 0 80v336c0 17.67 14.33 32 32 32h464c8.84 0 16-7.16 16-16v-16c0-8.84-7.16-16-16-16zm-387.2-48h22.4c6.4 0 12.8-6.4 12.8-12.8v-70.4c0-6.4-6.4-12.8-12.8-12.8h-22.4c-6.4 0-12.8 6.4-12.8 12.8v70.4c0 6.4 6.4 12.8 12.8 12.8z\" class=\"\"><\/path><\/svg><\/i> &nbsp;563&nbsp;vues<\/p>\n<div class=\"pvc_clear\"><\/div>\n<p>&nbsp;563&nbsp;vues PR\u00c9SENTATION DU CNLVFE Contexte et Justification Les Violences Bas\u00e9es sur le Genre (VBG), qui d\u00e9signent tout acte nuisible\/pr\u00e9judiciable perp\u00e9tr\u00e9 contre le gr\u00e9 d\u2019autrui, et bas\u00e9 sur des diff\u00e9rences socialement prescrites entre hommes et femmes\/filles et gar\u00e7ons continuent de s\u00e9vir en C\u00f4te d\u2019Ivoire. En effet, malgr\u00e9 les<\/p>\n","protected":false},"author":1,"featured_media":0,"parent":4749,"menu_order":0,"comment_status":"closed","ping_status":"closed","template":"page-PageTemplate3.php","meta":{"footnotes":""},"class_list":["post-4753","page","type-page","status-publish","hentry"],"_links":{"self":[{"href":"https:\/\/mffe.ci\/MFFE\/site_famille\/wp-json\/wp\/v2\/pages\/4753","targetHints":{"allow":["GET"]}}],"collection":[{"href":"https:\/\/mffe.ci\/MFFE\/site_famille\/wp-json\/wp\/v2\/pages"}],"about":[{"href":"https:\/\/mffe.ci\/MFFE\/site_famille\/wp-json\/wp\/v2\/types\/page"}],"author":[{"embeddable":true,"href":"https:\/\/mffe.ci\/MFFE\/site_famille\/wp-json\/wp\/v2\/users\/1"}],"replies":[{"embeddable":true,"href":"https:\/\/mffe.ci\/MFFE\/site_famille\/wp-json\/wp\/v2\/comments?post=4753"}],"version-history":[{"count":4,"href":"https:\/\/mffe.ci\/MFFE\/site_famille\/wp-json\/wp\/v2\/pages\/4753\/revisions"}],"predecessor-version":[{"id":5408,"href":"https:\/\/mffe.ci\/MFFE\/site_famille\/wp-json\/wp\/v2\/pages\/4753\/revisions\/5408"}],"up":[{"embeddable":true,"href":"https:\/\/mffe.ci\/MFFE\/site_famille\/wp-json\/wp\/v2\/pages\/4749"}],"wp:attachment":[{"href":"https:\/\/mffe.ci\/MFFE\/site_famille\/wp-json\/wp\/v2\/media?parent=4753"}],"curies":[{"name":"wp","href":"https:\/\/api.w.org\/{rel}","templated":true}]}}